7
What are the prime factors of 756860?
2, 5, 13, 41, 71
List the prime factors of 1318155.
3, 5, 87877
List the prime factors of 44830.
2, 5, 4483
List the prime factors of 1049002.
2, 17, 30853
What are the prime factors of 1873338?
2, 3, 43, 53, 137
What are the prime factors of 41641607?
7, 449, 13249
List the prime factors of 5127558.
2, 3, 854593
List the prime factors of 3736722.
2, 3, 11, 5147
List the prime factors of 2672553.
3, 13, 17, 29, 139
What are the prime factors of 201654?
2, 3, 17, 659
List the prime factors of 92932.
2, 7, 3319
What are the prime factors of 576849?
3, 7, 13, 2113
List the prime factors of 1789733.
11, 162703
List the prime factors of 122954.
2, 13, 4729
What are the prime factors of 31241?
7, 4463
What are the prime factors of 738104?
2, 257, 359
List the prime factors of 16487341.
13, 29, 101, 433
What are the prime factors of 242271?
3, 997
What are the prime factors of 853668?
2, 3, 23, 1031
What are the prime factors of 130755?
3, 5, 23, 379
List the prime factors of 158726.
2, 19, 4177
What are the prime factors of 1168303?
89, 13127
List the prime factors of 225038.
2, 11, 53, 193
What are the prime factors of 1395191?
7, 199313
What are the prime factors of 68064?
2, 3, 709
List the prime factors of 19441273.
19441273
List the prime factors of 10268355.
3, 5, 684557
List the prime factors of 366567.
3, 19, 59, 109
List the prime factors of 4684442.
2, 7, 334603
List the prime factors of 1045130.
2, 5, 104513
List the prime factors of 3501524.
2, 13, 17, 233
List the prime factors of 20059.
13, 1543
List the prime factors of 9619093.
11, 17, 51439
What are the prime factors of 6790083?
3, 23, 98407
What are the prime factors of 900694?
2, 17, 59, 449
What are the prime factors of 792527?
443, 1789
What are the prime factors of 22842490?
2, 5, 11, 281, 739
What are the prime factors of 1783006?
2, 23, 83, 467
What are the prime factors of 224787?
3, 74929
What are the prime factors of 15214?
2, 7607
What are the prime factors of 67095?
3, 5, 7, 71
List the prime factors of 365886.
2, 3, 20327
List the prime factors of 22614191.
47, 481153
List the prime factors of 578753.
7, 29, 2851
What are the prime factors of 3414774?
2, 3, 11, 31, 1669
What are the prime factors of 3397780?
2, 5, 169889
What are the prime factors of 1099533?
3, 366511
What are the prime factors of 157277?
157277
List the prime factors of 813485.
5, 19, 8563
List the prime factors of 457410.
2, 3, 5, 79, 193
List the prime factors of 1380430.
2, 5, 31, 61, 73
List the prime factors of 72038.
2, 181, 199
List the prime factors of 135142.
2, 7, 197
List the prime factors of 5189073.
3, 113, 15307
List the prime factors of 332316.
2, 3, 17, 181
List the prime factors of 510620.
2, 5, 11, 211
What are the prime factors of 316336?
2, 17, 1163
What are the prime factors of 263852?
2, 65963
What are the prime factors of 466616?
2, 17, 47, 73
List the prime factors of 2099977.
11, 29, 227
List the prime factors of 31129.
7, 4447
What are the prime factors of 884342?
2, 442171
List the prime factors of 10245101.
17, 103, 5851
List the prime factors of 125607.
3, 149, 281
List the prime factors of 224428.
2, 19, 2953
List the prime factors of 1457914.
2, 71, 10267
List the prime factors of 200233.
11, 109, 167
List the prime factors of 6962919.
3, 37, 149, 421
What are the prime factors of 3299695?
5, 7, 23, 4099
What are the prime factors of 858250?
2, 5, 3433
What are the prime factors of 285739?
163, 1753
What are the prime factors of 5425414?
2, 17, 159571
What are the prime factors of 1780114?
2, 7, 43, 2957
What are the prime factors of 1788901?
1788901
What are the prime factors of 318537?
3, 35393
List the prime factors of 14390978.
2, 7, 823, 1249
List the prime factors of 390918.
2, 3, 11, 5923
List the prime factors of 122902.
2, 13, 29, 163
List the prime factors of 2022612.
2, 3, 41, 4111
What are the prime factors of 46140?
2, 3, 5, 769
List the prime factors of 282221.
282221
What are the prime factors of 19673840?
2, 5, 31, 7933
What are the prime factors of 11256645?
3, 5, 19, 127, 311
List the prime factors of 25817352.
2, 3, 11, 19, 5147
What are the prime factors of 374546?
2, 187273
What are the prime factors of 7729547?
7, 1104221
List the prime factors of 935475.
3, 5, 12473
List the prime factors of 2760871.
19, 331, 439
What are the prime factors of 2139159?
3, 11, 71, 83
List the prime factors of 3009052.
2, 752263
What are the prime factors of 6046774?
2, 349, 8663
What are the prime factors of 3265998?
2, 3, 229, 2377
List the prime factors of 272848.
2, 17053
List the prime factors of 3002005.
5, 600401
List the prime factors of 1048061.
7, 73, 293
What are the prime factors of 221096?
2, 29, 953
What are the prime factors of 316093?
43, 7351
What are the prime factors of 5226907?
7, 61, 12241
List the prime factors of 185849.
185849
What are the prime factors of 13629?
3, 7, 11, 59
List the prime factors of 8990720.
2, 5, 439
What are the prime factors of 1914586?
2, 71, 97, 139
What are the prime factors of 795658?
2, 397829
List the prime factors of 1485117.
3, 31, 5323
List the prime factors of 2005219.
43, 46633
List the prime factors of 224959.
7, 4591
List the prime factors of 223130.
2, 5, 53, 421
What are the prime factors of 109930?
2, 5, 10993
List the prime factors of 4240727.
157, 27011
What are the prime factors of 23450624?
2, 22901
What are the prime factors of 26285220?
2, 3, 5, 13, 47, 239
List the prime factors of 390325.
5, 13, 1201
What are the prime factors of 583278?
2, 3, 97213
List the prime factors of 134379.
3, 7, 79
What are the prime factors of 20334473?
20334473
List the prime factors of 2166146.
2, 1083073
List the prime factors of 15858173.
15858173
What are the prime factors of 310446?
2, 3, 5749
What are the prime factors of 244922?
2, 151, 811
What are the prime factors of 1069781?
29, 37, 997
What are the prime factors of 565167?
3, 188389
What are the prime factors of 812610?
2, 3, 5, 9029
List the prime factors of 151870.
2, 5, 15187
What are the prime factors of 177960?
2, 3, 5, 1483
What are the prime factors of 5301921?
3, 1767307
List the prime factors of 213053.
257, 829
List the prime factors of 233410.
2, 5, 17, 1373
List the prime factors of 2988717.
3, 491, 2029
What are the prime factors of 7705037?
7705037
List the prime factors of 42082.
2, 53, 397
List the prime factors of 179568.
2, 3, 29, 43
What are the prime factors of 10554905?
5, 2110981
What are the prime factors of 877405?
5, 175481
List the prime factors of 302135.
5, 60427
List the prime factors of 1158669.
3, 17, 7573
List the prime factors of 937821.
3, 19, 16453
List the prime factors of 5617575.
3, 5, 24967
List the prime factors of 950629.
353, 2693
List the prime factors of 5954.
2, 13, 229
List the prime factors of 888205.
5, 349, 509
What are the prime factors of 11004746?
2, 17, 29, 11161
What are the prime factors of 22540?
2, 5, 7, 23
What are the prime factors of 12690392?
2, 11, 13, 11093
What are the prime factors of 563105?
5, 112621
What are the prime factors of 487123?
7, 13, 53, 101
List the prime factors of 18648572.
2, 1087, 4289
List the prime factors of 39538.
2, 53, 373
What are the prime factors of 171675?
3, 5, 7, 109
List the prime factors of 215354.
2, 29, 47, 79
What are the prime factors of 1572521?
1572521
What are the prime factors of 2954326?
2, 47, 53, 593
What are the prime factors of 23771288?
2, 827, 3593
List the prime factors of 3905503.
7, 131, 4259
List the prime factors of 3094194.
2, 3, 43, 67, 179
What are the prime factors of 17861931?
3, 661553
List the prime factors of 455613.
3, 151871
What are the prime factors of 27783?
3, 7
What are the prime factors of 5111884?
2, 1277971
What are the prime factors of 1472117?
1472117
What are the prime factors of 2934254?
2, 821, 1787
What are the prime factors of 1401897?
3, 7, 241, 277
What are the prime factors of 55018?
2, 27509
What are the prime factors of 2649?
3, 883
What are the prime factors of 3156161?
3156161
What are the prime factors of 3688868?
2, 922217
List the prime factors of 1523487.
3, 7, 72547
What are the prime factors of 5746?
2, 13, 17
What are the prime factors of 1049956?
2, 262489
What